{"id":2768,"date":"2020-07-16T22:01:59","date_gmt":"2020-07-16T22:01:59","guid":{"rendered":"https:\/\/www.utahfrenchdli.org\/teachers\/?page_id=2768"},"modified":"2021-07-09T20:29:45","modified_gmt":"2021-07-09T20:29:45","slug":"4-literacy-programmation","status":"publish","type":"page","link":"https:\/\/www.utahfrenchdli.org\/teachers\/4-literacy-programmation\/","title":{"rendered":"4 &#8211; literacy &#8211; Programmation"},"content":{"rendered":"<h2 style=\"text-align: center\">Programmation (old)<\/h2>\n<p>These files are the scope &amp; sequence for each Literacy unit. Detailed curriculum is available to our Utah DLI teachers. If you need these resources, please contact\u00a0<a href=\"mailto:georgia.geerlings@utahdli.org\">Georgia Geerlings<\/a>\u00a0or\u00a0<a href=\"mailto:irene.stone@utahdli.org\">Irene Stone<\/a>.<\/p>\n<p>&nbsp;<\/p>\n<table>\n<tbody>\n<tr>\n<td style=\"text-align: center\"><a href=\"https:\/\/drive.google.com\/file\/d\/1mWAIcrCMYqI6rsbQX0QVVXaKe_MB6ftM\/view?usp=sharing\" target=\"_blank\" rel=\"noopener\"><img loading=\"lazy\" decoding=\"async\" class=\"aligncenter wp-image-2852\" src=\"https:\/\/www.utahfrenchdli.org\/teachers\/wp-content\/uploads\/sites\/2\/2020\/07\/Unite-1-300x300.png\" alt=\"\" width=\"100\" height=\"100\" srcset=\"https:\/\/www.utahfrenchdli.org\/teachers\/wp-content\/uploads\/sites\/2\/2020\/07\/Unite-1-300x300.png 300w, https:\/\/www.utahfrenchdli.org\/teachers\/wp-content\/uploads\/sites\/2\/2020\/07\/Unite-1-150x150.png 150w, https:\/\/www.utahfrenchdli.org\/teachers\/wp-content\/uploads\/sites\/2\/2020\/07\/Unite-1-768x769.png 768w, https:\/\/www.utahfrenchdli.org\/teachers\/wp-content\/uploads\/sites\/2\/2020\/07\/Unite-1-1024x1024.png 1024w, https:\/\/www.utahfrenchdli.org\/teachers\/wp-content\/uploads\/sites\/2\/2020\/07\/Unite-1.png 1326w\" sizes=\"(max-width: 100px) 100vw, 100px\" \/><\/a><a href=\"https:\/\/drive.google.com\/file\/d\/1mWAIcrCMYqI6rsbQX0QVVXaKe_MB6ftM\/view?usp=sharing\" target=\"_blank\" rel=\"noopener\">Unit\u00e9 1<\/a><\/p>\n<p>&nbsp;<\/td>\n<td style=\"text-align: center\"><a href=\"https:\/\/drive.google.com\/file\/d\/125EJhaA6F8cRFJ1prrB508OXOTLn3hxg\/view?usp=sharing\" target=\"_blank\" rel=\"noopener\"><img loading=\"lazy\" decoding=\"async\" class=\"aligncenter wp-image-2854\" src=\"https:\/\/www.utahfrenchdli.org\/teachers\/wp-content\/uploads\/sites\/2\/2020\/07\/U2-300x300.png\" alt=\"\" width=\"100\" height=\"100\" srcset=\"https:\/\/www.utahfrenchdli.org\/teachers\/wp-content\/uploads\/sites\/2\/2020\/07\/U2-300x300.png 300w, https:\/\/www.utahfrenchdli.org\/teachers\/wp-content\/uploads\/sites\/2\/2020\/07\/U2-150x150.png 150w, https:\/\/www.utahfrenchdli.org\/teachers\/wp-content\/uploads\/sites\/2\/2020\/07\/U2-768x769.png 768w, https:\/\/www.utahfrenchdli.org\/teachers\/wp-content\/uploads\/sites\/2\/2020\/07\/U2-1024x1024.png 1024w, https:\/\/www.utahfrenchdli.org\/teachers\/wp-content\/uploads\/sites\/2\/2020\/07\/U2.png 1326w\" sizes=\"(max-width: 100px) 100vw, 100px\" \/><\/a><a href=\"https:\/\/drive.google.com\/file\/d\/125EJhaA6F8cRFJ1prrB508OXOTLn3hxg\/view?usp=sharing\" target=\"_blank\" rel=\"noopener\">Unit\u00e9 2<\/a><\/p>\n<p>&nbsp;<\/td>\n<td style=\"text-align: center\"><a href=\"https:\/\/drive.google.com\/file\/d\/1kNU4q-43OUmff-1q9J-3Bca1y-1nwXpg\/view?usp=sharing\" target=\"_blank\" rel=\"noopener\"><img loading=\"lazy\" decoding=\"async\" class=\"aligncenter wp-image-2855\" src=\"https:\/\/www.utahfrenchdli.org\/teachers\/wp-content\/uploads\/sites\/2\/2020\/07\/U3-300x300.png\" alt=\"\" width=\"100\" height=\"100\" srcset=\"https:\/\/www.utahfrenchdli.org\/teachers\/wp-content\/uploads\/sites\/2\/2020\/07\/U3-300x300.png 300w, https:\/\/www.utahfrenchdli.org\/teachers\/wp-content\/uploads\/sites\/2\/2020\/07\/U3-150x150.png 150w, https:\/\/www.utahfrenchdli.org\/teachers\/wp-content\/uploads\/sites\/2\/2020\/07\/U3-768x769.png 768w, https:\/\/www.utahfrenchdli.org\/teachers\/wp-content\/uploads\/sites\/2\/2020\/07\/U3-1024x1024.png 1024w, https:\/\/www.utahfrenchdli.org\/teachers\/wp-content\/uploads\/sites\/2\/2020\/07\/U3.png 1326w\" sizes=\"(max-width: 100px) 100vw, 100px\" \/><\/a><a href=\"https:\/\/drive.google.com\/file\/d\/1kNU4q-43OUmff-1q9J-3Bca1y-1nwXpg\/view?usp=sharing\" target=\"_blank\" rel=\"noopener\">Unit\u00e9 3<\/a><\/p>\n<p>&nbsp;<\/td>\n<\/tr>\n<tr>\n<td style=\"text-align: center\"><a href=\"https:\/\/drive.google.com\/file\/d\/1AkWwyHNA-IoZpv0Q03A1IZaeeVlKgvJu\/view?usp=sharing\" target=\"_blank\" rel=\"noopener\"><img loading=\"lazy\" decoding=\"async\" class=\"aligncenter wp-image-2856\" src=\"https:\/\/www.utahfrenchdli.org\/teachers\/wp-content\/uploads\/sites\/2\/2020\/07\/U4-300x300.png\" alt=\"\" width=\"100\" height=\"100\" srcset=\"https:\/\/www.utahfrenchdli.org\/teachers\/wp-content\/uploads\/sites\/2\/2020\/07\/U4-300x300.png 300w, https:\/\/www.utahfrenchdli.org\/teachers\/wp-content\/uploads\/sites\/2\/2020\/07\/U4-150x150.png 150w, https:\/\/www.utahfrenchdli.org\/teachers\/wp-content\/uploads\/sites\/2\/2020\/07\/U4-768x769.png 768w, https:\/\/www.utahfrenchdli.org\/teachers\/wp-content\/uploads\/sites\/2\/2020\/07\/U4-1024x1024.png 1024w, https:\/\/www.utahfrenchdli.org\/teachers\/wp-content\/uploads\/sites\/2\/2020\/07\/U4.png 1326w\" sizes=\"(max-width: 100px) 100vw, 100px\" \/><\/a><a href=\"https:\/\/drive.google.com\/file\/d\/1AkWwyHNA-IoZpv0Q03A1IZaeeVlKgvJu\/view?usp=sharing\" target=\"_blank\" rel=\"noopener\">Unit\u00e9 4<\/a><\/p>\n<p>&nbsp;<\/td>\n<td style=\"text-align: center\"><a href=\"https:\/\/drive.google.com\/file\/d\/165XPwQMcsftIieDARRzbbzPt4iqQddlI\/view?usp=sharing\" target=\"_blank\" rel=\"noopener\"><img loading=\"lazy\" decoding=\"async\" class=\"aligncenter wp-image-2857\" src=\"https:\/\/www.utahfrenchdli.org\/teachers\/wp-content\/uploads\/sites\/2\/2020\/07\/U5-300x300.png\" alt=\"\" width=\"100\" height=\"100\" srcset=\"https:\/\/www.utahfrenchdli.org\/teachers\/wp-content\/uploads\/sites\/2\/2020\/07\/U5-300x300.png 300w, https:\/\/www.utahfrenchdli.org\/teachers\/wp-content\/uploads\/sites\/2\/2020\/07\/U5-150x150.png 150w, https:\/\/www.utahfrenchdli.org\/teachers\/wp-content\/uploads\/sites\/2\/2020\/07\/U5-768x769.png 768w, https:\/\/www.utahfrenchdli.org\/teachers\/wp-content\/uploads\/sites\/2\/2020\/07\/U5-1024x1024.png 1024w, https:\/\/www.utahfrenchdli.org\/teachers\/wp-content\/uploads\/sites\/2\/2020\/07\/U5.png 1326w\" sizes=\"(max-width: 100px) 100vw, 100px\" \/><\/a><a href=\"https:\/\/drive.google.com\/file\/d\/165XPwQMcsftIieDARRzbbzPt4iqQddlI\/view?usp=sharing\" target=\"_blank\" rel=\"noopener\">Unit\u00e9 5<\/a><\/p>\n<p>&nbsp;<\/td>\n<td style=\"text-align: center\"><a href=\"https:\/\/drive.google.com\/file\/d\/1Gxuaq0JiTPDrK2mXni_eJOx6mboZqVzS\/view?usp=sharing\" target=\"_blank\" rel=\"noopener\"><img loading=\"lazy\" decoding=\"async\" class=\"aligncenter wp-image-2874\" src=\"https:\/\/www.utahfrenchdli.org\/teachers\/wp-content\/uploads\/sites\/2\/2020\/07\/U6-300x300.png\" alt=\"\" width=\"100\" height=\"100\" srcset=\"https:\/\/www.utahfrenchdli.org\/teachers\/wp-content\/uploads\/sites\/2\/2020\/07\/U6-300x300.png 300w, https:\/\/www.utahfrenchdli.org\/teachers\/wp-content\/uploads\/sites\/2\/2020\/07\/U6-150x150.png 150w, https:\/\/www.utahfrenchdli.org\/teachers\/wp-content\/uploads\/sites\/2\/2020\/07\/U6-768x769.png 768w, https:\/\/www.utahfrenchdli.org\/teachers\/wp-content\/uploads\/sites\/2\/2020\/07\/U6-1024x1024.png 1024w, https:\/\/www.utahfrenchdli.org\/teachers\/wp-content\/uploads\/sites\/2\/2020\/07\/U6.png 1326w\" sizes=\"(max-width: 100px) 100vw, 100px\" \/><\/a><a href=\"https:\/\/drive.google.com\/file\/d\/1Gxuaq0JiTPDrK2mXni_eJOx6mboZqVzS\/view?usp=sharing\" target=\"_blank\" rel=\"noopener\">Unit\u00e9 6<\/a><\/p>\n<p>&nbsp;<\/td>\n<\/tr>\n<tr>\n<td style=\"text-align: center\"><a href=\"https:\/\/drive.google.com\/file\/d\/10pFmdKfisMSFRU_oXPIj2hSZtWC9oXTi\/view?usp=sharing\" target=\"_blank\" rel=\"noopener\"><img loading=\"lazy\" decoding=\"async\" class=\"aligncenter wp-image-2875\" src=\"https:\/\/www.utahfrenchdli.org\/teachers\/wp-content\/uploads\/sites\/2\/2020\/07\/U7-300x300.png\" alt=\"\" width=\"100\" height=\"100\" srcset=\"https:\/\/www.utahfrenchdli.org\/teachers\/wp-content\/uploads\/sites\/2\/2020\/07\/U7-300x300.png 300w, https:\/\/www.utahfrenchdli.org\/teachers\/wp-content\/uploads\/sites\/2\/2020\/07\/U7-150x150.png 150w, https:\/\/www.utahfrenchdli.org\/teachers\/wp-content\/uploads\/sites\/2\/2020\/07\/U7-768x769.png 768w, https:\/\/www.utahfrenchdli.org\/teachers\/wp-content\/uploads\/sites\/2\/2020\/07\/U7-1024x1024.png 1024w, https:\/\/www.utahfrenchdli.org\/teachers\/wp-content\/uploads\/sites\/2\/2020\/07\/U7.png 1326w\" sizes=\"(max-width: 100px) 100vw, 100px\" \/><\/a><a href=\"https:\/\/drive.google.com\/file\/d\/10pFmdKfisMSFRU_oXPIj2hSZtWC9oXTi\/view?usp=sharing\" target=\"_blank\" rel=\"noopener\">Unit\u00e9 7<\/a><\/td>\n<td style=\"text-align: center\"><a href=\"https:\/\/drive.google.com\/file\/d\/1XkJNG3s9tkMhySWU2NxPRZFDhKWwPegR\/view?usp=sharing\" target=\"_blank\" rel=\"noopener\"><img loading=\"lazy\" decoding=\"async\" class=\"aligncenter wp-image-2876\" src=\"https:\/\/www.utahfrenchdli.org\/teachers\/wp-content\/uploads\/sites\/2\/2020\/07\/dictionary-300x300.png\" alt=\"\" width=\"100\" height=\"100\" srcset=\"https:\/\/www.utahfrenchdli.org\/teachers\/wp-content\/uploads\/sites\/2\/2020\/07\/dictionary-300x300.png 300w, https:\/\/www.utahfrenchdli.org\/teachers\/wp-content\/uploads\/sites\/2\/2020\/07\/dictionary-150x150.png 150w, https:\/\/www.utahfrenchdli.org\/teachers\/wp-content\/uploads\/sites\/2\/2020\/07\/dictionary-768x766.png 768w, https:\/\/www.utahfrenchdli.org\/teachers\/wp-content\/uploads\/sites\/2\/2020\/07\/dictionary.png 786w\" sizes=\"(max-width: 100px) 100vw, 100px\" \/><\/a><a href=\"https:\/\/drive.google.com\/file\/d\/1XkJNG3s9tkMhySWU2NxPRZFDhKWwPegR\/view?usp=sharing\" target=\"_blank\" rel=\"noopener\">Lexique<\/a><\/td>\n<td style=\"text-align: center\"><\/td>\n<\/tr>\n<\/tbody>\n<\/table>\n<p><a href=\"https:\/\/www.utahfrenchdli.org\/teachers\/4-literacy-tools-and-resources\/\"><img loading=\"lazy\" decoding=\"async\" class=\"alignright wp-image-2584\" src=\"https:\/\/www.utahfrenchdli.org\/teachers\/wp-content\/uploads\/sites\/2\/2020\/06\/arrow.png\" alt=\"\" width=\"76\" height=\"60\" \/><\/a><\/p>\n<p>&nbsp;<\/p>\n<p>&nbsp;<\/p>\n<p>&nbsp;<\/p>\n<p>&nbsp;<\/p>\n<p style=\"text-align: right\"><a href=\"https:\/\/www.utahfrenchdli.org\/teachers\/4-literacy-tools-and-resources\/\">Back to<strong>\u00a04th Grade Literacy Tools and Resources<\/strong><\/a><\/p>\n","protected":false},"excerpt":{"rendered":"<p>Programmation (old) These files are the scope &amp; sequence for each Literacy unit. Detailed curriculum is available to our Utah DLI teachers. If you need these resources, please contact\u00a0Georgia Geerlings\u00a0or\u00a0Irene Stone. &nbsp; Unit\u00e9 1 &nbsp; Unit\u00e9 2 &nbsp; Unit\u00e9 3 &hellip; <a href=\"https:\/\/www.utahfrenchdli.org\/teachers\/4-literacy-programmation\/\">Continue reading <span class=\"meta-nav\">&rarr;<\/span><\/a><\/p>\n","protected":false},"author":3,"featured_media":0,"parent":0,"menu_order":0,"comment_status":"closed","ping_status":"closed","template":"","meta":{"footnotes":""},"_links":{"self":[{"href":"https:\/\/www.utahfrenchdli.org\/teachers\/wp-json\/wp\/v2\/pages\/2768"}],"collection":[{"href":"https:\/\/www.utahfrenchdli.org\/teachers\/wp-json\/wp\/v2\/pages"}],"about":[{"href":"https:\/\/www.utahfrenchdli.org\/teachers\/wp-json\/wp\/v2\/types\/page"}],"author":[{"embeddable":true,"href":"https:\/\/www.utahfrenchdli.org\/teachers\/wp-json\/wp\/v2\/users\/3"}],"replies":[{"embeddable":true,"href":"https:\/\/www.utahfrenchdli.org\/teachers\/wp-json\/wp\/v2\/comments?post=2768"}],"version-history":[{"count":13,"href":"https:\/\/www.utahfrenchdli.org\/teachers\/wp-json\/wp\/v2\/pages\/2768\/revisions"}],"predecessor-version":[{"id":3117,"href":"https:\/\/www.utahfrenchdli.org\/teachers\/wp-json\/wp\/v2\/pages\/2768\/revisions\/3117"}],"wp:attachment":[{"href":"https:\/\/www.utahfrenchdli.org\/teachers\/wp-json\/wp\/v2\/media?parent=2768"}],"curies":[{"name":"wp","href":"https:\/\/api.w.org\/{rel}","templated":true}]}}