{"id":3219,"date":"2022-07-26T22:53:27","date_gmt":"2022-07-26T22:53:27","guid":{"rendered":"https:\/\/www.utahfrenchdli.org\/teachers\/?page_id=3219"},"modified":"2022-07-26T23:06:58","modified_gmt":"2022-07-26T23:06:58","slug":"5-literacy-programmation-unite1","status":"publish","type":"page","link":"https:\/\/www.utahfrenchdli.org\/teachers\/5-literacy-programmation-unite1\/","title":{"rendered":"5-literacy-programmation-unite1"},"content":{"rendered":"<h2 style=\"text-align: center\">Unit\u00e9 1 &#8211; Victor l&#8217;enfant sauvage<\/h2>\n<p><a href=\"https:\/\/drive.google.com\/file\/d\/1FtfeMlPhOI6fPYvyhvc4Ltwvvs7Rv1mm\/view?usp=sharing\" target=\"_blank\" rel=\"noopener\"><img loading=\"lazy\" decoding=\"async\" class=\"wp-image-3235 alignnone\" src=\"https:\/\/www.utahfrenchdli.org\/teachers\/wp-content\/uploads\/sites\/2\/2022\/07\/Victor-P.png\" alt=\"\" width=\"389\" height=\"291\" srcset=\"https:\/\/www.utahfrenchdli.org\/teachers\/wp-content\/uploads\/sites\/2\/2022\/07\/Victor-P.png 677w, https:\/\/www.utahfrenchdli.org\/teachers\/wp-content\/uploads\/sites\/2\/2022\/07\/Victor-P-300x225.png 300w\" sizes=\"(max-width: 389px) 100vw, 389px\" \/><\/a><\/p>\n<h5><a href=\"https:\/\/drive.google.com\/file\/d\/1FtfeMlPhOI6fPYvyhvc4Ltwvvs7Rv1mm\/view?usp=sharing\" target=\"_blank\" rel=\"noopener\">Unit\u00e9 1 Programmation<\/a><\/h5>\n<p>&nbsp;<\/p>\n<h3>Fiches \u00e9l\u00e8ves :<\/h3>\n<table>\n<tbody>\n<tr>\n<td style=\"text-align: center\"><a href=\"https:\/\/drive.google.com\/file\/d\/1Zd68nbtJvN6onYdwqDP0VCN-RhFf8Hk3\/view?usp=sharing\" target=\"_blank\" rel=\"noopener\"><img loading=\"lazy\" decoding=\"async\" class=\"aligncenter wp-image-3220\" src=\"https:\/\/www.utahfrenchdli.org\/teachers\/wp-content\/uploads\/sites\/2\/2022\/07\/Artboard-1.png\" alt=\"\" width=\"100\" height=\"100\" srcset=\"https:\/\/www.utahfrenchdli.org\/teachers\/wp-content\/uploads\/sites\/2\/2022\/07\/Artboard-1.png 319w, https:\/\/www.utahfrenchdli.org\/teachers\/wp-content\/uploads\/sites\/2\/2022\/07\/Artboard-1-150x150.png 150w, https:\/\/www.utahfrenchdli.org\/teachers\/wp-content\/uploads\/sites\/2\/2022\/07\/Artboard-1-300x300.png 300w\" sizes=\"(max-width: 100px) 100vw, 100px\" \/><\/a><\/td>\n<td style=\"text-align: center\"><a href=\"https:\/\/drive.google.com\/file\/d\/1C1m_4zFXxnu_1iEl5-ipLnsKirlFKCgE\/view?usp=sharing\" target=\"_blank\" rel=\"noopener\"><img loading=\"lazy\" decoding=\"async\" class=\"aligncenter wp-image-3221\" src=\"https:\/\/www.utahfrenchdli.org\/teachers\/wp-content\/uploads\/sites\/2\/2022\/07\/Artboard-1-1.png\" alt=\"\" width=\"100\" height=\"100\" srcset=\"https:\/\/www.utahfrenchdli.org\/teachers\/wp-content\/uploads\/sites\/2\/2022\/07\/Artboard-1-1.png 319w, https:\/\/www.utahfrenchdli.org\/teachers\/wp-content\/uploads\/sites\/2\/2022\/07\/Artboard-1-1-150x150.png 150w, https:\/\/www.utahfrenchdli.org\/teachers\/wp-content\/uploads\/sites\/2\/2022\/07\/Artboard-1-1-300x300.png 300w\" sizes=\"(max-width: 100px) 100vw, 100px\" \/><\/a><\/td>\n<td style=\"text-align: center\"><a href=\"https:\/\/drive.google.com\/file\/d\/1VKt8gXXtXsgi24W53lBrQnMcqZuHQ-ZS\/view?usp=sharing\" target=\"_blank\" rel=\"noopener\"><img loading=\"lazy\" decoding=\"async\" class=\"aligncenter wp-image-3225\" src=\"https:\/\/www.utahfrenchdli.org\/teachers\/wp-content\/uploads\/sites\/2\/2022\/07\/chapitre-3.png\" alt=\"\" width=\"100\" height=\"100\" srcset=\"https:\/\/www.utahfrenchdli.org\/teachers\/wp-content\/uploads\/sites\/2\/2022\/07\/chapitre-3.png 319w, https:\/\/www.utahfrenchdli.org\/teachers\/wp-content\/uploads\/sites\/2\/2022\/07\/chapitre-3-150x150.png 150w, https:\/\/www.utahfrenchdli.org\/teachers\/wp-content\/uploads\/sites\/2\/2022\/07\/chapitre-3-300x300.png 300w\" sizes=\"(max-width: 100px) 100vw, 100px\" \/><\/a><\/td>\n<\/tr>\n<tr>\n<td style=\"text-align: center\"><a href=\"https:\/\/drive.google.com\/file\/d\/1bpzJbuFSMdKm6CFlFpW7cXzVCYU6O9uy\/view?usp=sharing\" target=\"_blank\" rel=\"noopener\"><img loading=\"lazy\" decoding=\"async\" class=\"aligncenter wp-image-3224\" src=\"https:\/\/www.utahfrenchdli.org\/teachers\/wp-content\/uploads\/sites\/2\/2022\/07\/chapitre-4.png\" alt=\"\" width=\"100\" height=\"100\" srcset=\"https:\/\/www.utahfrenchdli.org\/teachers\/wp-content\/uploads\/sites\/2\/2022\/07\/chapitre-4.png 319w, https:\/\/www.utahfrenchdli.org\/teachers\/wp-content\/uploads\/sites\/2\/2022\/07\/chapitre-4-150x150.png 150w, https:\/\/www.utahfrenchdli.org\/teachers\/wp-content\/uploads\/sites\/2\/2022\/07\/chapitre-4-300x300.png 300w\" sizes=\"(max-width: 100px) 100vw, 100px\" \/><\/a><\/td>\n<td style=\"text-align: center\"><a href=\"https:\/\/drive.google.com\/file\/d\/1MtuE7av5UMqNDJEWJJAkbviREvx1uVeo\/view?usp=sharing\" target=\"_blank\" rel=\"noopener\"><img loading=\"lazy\" decoding=\"async\" class=\"aligncenter wp-image-3223\" src=\"https:\/\/www.utahfrenchdli.org\/teachers\/wp-content\/uploads\/sites\/2\/2022\/07\/chapitre-5.png\" alt=\"\" width=\"100\" height=\"100\" srcset=\"https:\/\/www.utahfrenchdli.org\/teachers\/wp-content\/uploads\/sites\/2\/2022\/07\/chapitre-5.png 319w, https:\/\/www.utahfrenchdli.org\/teachers\/wp-content\/uploads\/sites\/2\/2022\/07\/chapitre-5-150x150.png 150w, https:\/\/www.utahfrenchdli.org\/teachers\/wp-content\/uploads\/sites\/2\/2022\/07\/chapitre-5-300x300.png 300w\" sizes=\"(max-width: 100px) 100vw, 100px\" \/><\/a><\/td>\n<td style=\"text-align: center\"><a href=\"https:\/\/drive.google.com\/file\/d\/1fVFn7HK2QSZ23qmNmRfLcJiYdMdeKhpE\/view?usp=sharing\" target=\"_blank\" rel=\"noopener\"><img loading=\"lazy\" decoding=\"async\" class=\"aligncenter wp-image-3222\" src=\"https:\/\/www.utahfrenchdli.org\/teachers\/wp-content\/uploads\/sites\/2\/2022\/07\/chapitre-6.png\" alt=\"\" width=\"100\" height=\"100\" srcset=\"https:\/\/www.utahfrenchdli.org\/teachers\/wp-content\/uploads\/sites\/2\/2022\/07\/chapitre-6.png 319w, https:\/\/www.utahfrenchdli.org\/teachers\/wp-content\/uploads\/sites\/2\/2022\/07\/chapitre-6-150x150.png 150w, https:\/\/www.utahfrenchdli.org\/teachers\/wp-content\/uploads\/sites\/2\/2022\/07\/chapitre-6-300x300.png 300w\" sizes=\"(max-width: 100px) 100vw, 100px\" \/><\/a><\/td>\n<\/tr>\n<\/tbody>\n<\/table>\n<p>&nbsp;<\/p>\n<p><a href=\"https:\/\/www.utahfrenchdli.org\/teachers\/grade-5-literacy-programmation-2022\/\"><img loading=\"lazy\" decoding=\"async\" class=\"alignright wp-image-2584\" src=\"https:\/\/www.utahfrenchdli.org\/teachers\/wp-content\/uploads\/sites\/2\/2020\/06\/arrow.png\" alt=\"\" width=\"76\" height=\"60\" \/><\/a><\/p>\n<p>&nbsp;<\/p>\n<p>&nbsp;<\/p>\n<p>&nbsp;<\/p>\n<p style=\"text-align: right\"><a href=\"https:\/\/www.utahfrenchdli.org\/teachers\/grade-5-literacy-programmation-2022\/\">Back to<strong>\u00a05th Grade literacy Programmation<\/strong><\/a><\/p>\n","protected":false},"excerpt":{"rendered":"<p>Unit\u00e9 1 &#8211; Victor l&#8217;enfant sauvage Unit\u00e9 1 Programmation &nbsp; Fiches \u00e9l\u00e8ves : &nbsp; &nbsp; &nbsp; &nbsp; Back to\u00a05th Grade literacy Programmation<\/p>\n","protected":false},"author":3,"featured_media":0,"parent":0,"menu_order":0,"comment_status":"closed","ping_status":"closed","template":"","meta":{"footnotes":""},"_links":{"self":[{"href":"https:\/\/www.utahfrenchdli.org\/teachers\/wp-json\/wp\/v2\/pages\/3219"}],"collection":[{"href":"https:\/\/www.utahfrenchdli.org\/teachers\/wp-json\/wp\/v2\/pages"}],"about":[{"href":"https:\/\/www.utahfrenchdli.org\/teachers\/wp-json\/wp\/v2\/types\/page"}],"author":[{"embeddable":true,"href":"https:\/\/www.utahfrenchdli.org\/teachers\/wp-json\/wp\/v2\/users\/3"}],"replies":[{"embeddable":true,"href":"https:\/\/www.utahfrenchdli.org\/teachers\/wp-json\/wp\/v2\/comments?post=3219"}],"version-history":[{"count":12,"href":"https:\/\/www.utahfrenchdli.org\/teachers\/wp-json\/wp\/v2\/pages\/3219\/revisions"}],"predecessor-version":[{"id":3246,"href":"https:\/\/www.utahfrenchdli.org\/teachers\/wp-json\/wp\/v2\/pages\/3219\/revisions\/3246"}],"wp:attachment":[{"href":"https:\/\/www.utahfrenchdli.org\/teachers\/wp-json\/wp\/v2\/media?parent=3219"}],"curies":[{"name":"wp","href":"https:\/\/api.w.org\/{rel}","templated":true}]}}